4*q = -2*c + 4 + 2. Let z = q - 3. Calculate v(z).
-4
Let g(u) = -u**3 - 7*u**2 - 7*u + 2. Suppose -70 = -4*z + 158. Suppose 4*p + z = 13. Let d = p - -5. Calculate g(d).
8
Let o(w) = -w**2 + w - 1. Let z(b) = -3*b**2 + 8*b - 3. Suppose 5 = -0*u - 5*u. Let q = 3 + u. Let a(y) = q*o(y) - z(y). Calculate a(4).
-7
Let o(w) be the second derivative of 0*w**3 - 3/20*w**5 + 1/12*w**4 + 0*w**2 + 2*w + 0. Determine o(-1).
4
Let t(w) = w**2 - 4*w - 1. Let z be ((-9)/27)/((-2)/30). What is t(z)?
4
Let t = 10 + -7. Let c = 1 + t. Let h(y) = y**3 - 6*y**2 + 7*y - 4. Determine h(c).
-8
Let o(h) be the third derivative of -h**6/120 - h**5/60 + h**3/6 - 12*h**2. Determine o(1).
-1
Let i(q) = -q**2 + q - 3. Suppose 5*h = 2*h + 12. Let b(u) = u. Let v be b(h). Suppose 2*n = v + 2. Determine i(n).
-9
Let p(a) = -a - 16. Let j(t) = -t**3 - 16*t**2 - 15*t. Let n be j(-15). Give p(n).
-16
Let t(n) = -n - 3. Let g(v) = -v - 2. Let x(s) = -5*g(s) + 4*t(s). What is x(2)?
0
Suppose 5*h - 9 = 3*q, -2*h + 3*q = -q - 12. Let f(v) be the third derivative of -4*v**2 + 0 + 0*v - 1/3*v**3 + 1/60*v**5 + 1/24*v**4. What is f(h)?
-2
Let h(q) = -2*q**3 - 8*q**2 + 15*q + 21. Let v(w) = -w**3 - 4*w**2 + 8*w + 11. Let x(z) = -6*h(z) + 11*v(z). What is x(-4)?
3
Suppose 0 = 4*c + d - 5, 4*d = c - 0*d + 3. Let y(f) = -4*f - 5*f**2 - f**2 + 0*f**2 + 5*f. Give y(c).
-5
Suppose 0 = -3*w + 22 - 37. Let x(y) = -y**2 - 2*y + 4. Give x(w).
-11
Let w(o) = -3*o**2 - 7. Let k(f) = f**2. Let l be k(1). Let g(c) = c**2. Let v(a) = l*w(a) + 4*g(a). Determine v(0).
-7
Let y(j) = -2*j - 13. Let c be y(-9). Suppose -c*z = -6*z - 6. Let u(q) = q + 7. Give u(z).
1
Suppose -1 - 4 = -u. Suppose -4*r + 11 + 17 = 4*h, -3*r = -u*h - 5. Let k(p) = 0*p**2 + p + p**2 - 3*p**2. Give k(h).
-6
Suppose -3*o + 3 - 21 = 0. Let p = -8 - o. Let n(l) = 0*l + 5*l + 3*l - 2 - 3*l. Calculate n(p).
-12
Let q(w) = w - 1. Let y(b) = 6*b - 9. Let i(u) = 5*q(u) - y(u). Calculate i(3).
1
Suppose 4*t = 4 + 8. Let v(u) = -1 - u - 2*u + 5 + t - u**2. Give v(-5).
-3
Let t be (-6 - -2) + 9/(-3). Let c = t + 5. Let b(n) = 2*n**2 + 2*n. Determine b(c).
4
Let w(a) = -a + 4. Suppose 0 = -x - 2*x. Suppose x*l + 3*l = 15. Calculate w(l).
-1
Let a = -4 + 5. Let h = 5 - a. Let q(b) = -10*b - 13. Let t(l) = l + 1. Let v(k) = 2*q(k) + 22*t(k). Determine v(h).
4
Let y(z) = z**3 - 5*z**2 + 7 - 18 - 3*z + 8. Give y(6).
15
Let i(m) be the first derivative of m**3/3 + 5*m**2/2 - 2*m - 11. What is i(-3)?
-8
Let i(q) = 1 + 4*q**3 + q**2 - 1 + q. Let t(w) = -w**3 - 5*w**2 - 3*w + 1. Let v be t(-5). Suppose -d - d + 3*x + 7 = 0, d + 5*x + v = 0. What is i(d)?
-4
Let r(i) be the third derivative of i**6/60 - 2*i**5/15 + i**4/6 - i**3/6 + 4*i**2. Let y(o) = o**3 - 7*o**2 + 5*o. Let a(v) = -2*r(v) + 3*y(v). Give a(-6).
-4
Let s(t) = t + 3*t - 3*t + 2. Determine s(-5).
-3
Let l(u) = -9 + 12 - 6*u + 6 + u + 6*u**2 + u**3. Let k be (-4 + 1)*14/6. What is l(k)?
-5
Let b(t) = -2*t**3 - 3*t**2 - 3*t - 1. Let g be (-2)/7 + (-12)/7. Calculate b(g).
9
Let l be (-1 - -1)/2 - -2. Let c(p) = p**2 - p - 5. Let o(x) = -x**2 + x + 6. Let g(a) = -5*c(a) - 4*o(a). What is g(l)?
-1
Suppose 2*f + 8 = -2*f, -3*x - f = -22. Suppose 3*d = x*d. Let u(r) be the second derivative of r**4/12 + r**3/6 + 6*r**2 + r. Calculate u(d).
12
Let q = -19 + 16. Let g(o) be the second derivative of o**5/20 + o**4/6 - o**3/3 + 3*o**2/2 - 3*o. Calculate g(q).
0
Let c(h) = -26*h**2 + 14*h + 3. Suppose -3*n + 5 + 7 = 3*v, -v = 4*n - 13. Let p(o) = -9*o**2 + 5*o + 1. Let w(r) = n*c(r) - 8*p(r). What is w(-1)?
-7
Let n(o) be the third derivative of 4*o**2 - 1/24*o**4 + 0*o + 0 + 1/6*o**3. Give n(1).
0
Let t = -11 - -7. Let d = 2 - t. Let y(n) be the first derivative of -n**2/2 + 8*n + 2. Give y(d).
2
Let t(y) be the first derivative of y**4/4 - 2*y**3 + 3*y**2 + y + 1. Suppose 0*x + 3*x - 12 = 0. Let h(c) = -c**2 + 5*c + 1. Let j be h(x). Calculate t(j).
6
Let t(g) = -g**3 - 5*g**2 - 4*g + 1. Let k be t(-4). Let x(l) = 3*l - 4 - 4 + 1 + k + l**2. Give x(-5).
4
Let j(d) = d**2 - 11*d - 1. Let u be j(12). Suppose 3 = 4*x + u. Let o(f) = -2*f - 3. Give o(x).
1
Let n(a) be the second derivative of -a**3/6 - 4*a**2 - 18*a. What is n(0)?
-8
Let f = 71 - 208/3. Let j(w) be the first derivative of -f*w**3 + 2 + 1/2*w**2 + 1/4*w**4 - 5*w. Give j(5).
0
Let d(l) = -3*l - 5. Let g(c) = -7*c - 11. Let n(j) = 9*d(j) - 4*g(j). Calculate n(3).
2
Let i(v) = v**3 + 5*v**2 - 4. Suppose -32*f - 6 = -30*f. What is i(f)?
14
Let q(o) = -2 - 5 + 4 + 2*o. Suppose -4*r = 8, -2*h = 3*r - 11 + 7. Calculate q(h).
7
Suppose -23 = -4*z - 3*b, -z + b = 5*b + 4. Let n = -4 + z. Let o(k) = 4*k - k**2 - 4 + n + 5 + 2*k**2. Give o(-5).
10
Let w(r) = -5*r**2 + r. Let f(z) = 2*z - 6. Let g be f(7). Let c be g/(-3)*(-45)/(-12). Let t(v) = v**2 + 10*v - 1. Let s be t(c). Calculate w(s).
-6
Let f(j) = -j**2 + 4*j - 2. Let d(x) = x**2 - 6. Suppose 1 = 4*a - 11. Let l be d(a). What is f(l)?
1
Let j(s) = s**3 - 8*s**2 - 10*s + 6. Let x(n) = -n**3 + 8*n**2 + 10*n - 6. Let a(g) = -4*j(g) - 3*x(g). Calculate a(9).
3
Let r(u) = -u. Let f(z) = 2*z - 4 - 13*z + 15*z. Let t(w) = -f(w) - 3*r(w). Give t(6).
-2
Suppose -4 = -w - 0*w. Let y = -10 - -12. Let x(g) = y - 2 - g. What is x(w)?
-4
Let y(g) be the second derivative of -g**4/12 + g**3 + 2*g**2 + 31*g. Determine y(5).
9
Let m be 3 + (-3)/1 + 1. Let l(x) = -5*x**3 + 2*x**2 + 3*x - 1. Let w(h) = 9*h**3 - 4*h**2 - 5*h + 2. Let f(s) = -5*l(s) - 3*w(s). Give f(m).
-1
Let g(p) = -p**2 + p + 3. Let o(x) = x**2 - 2*x - 3. Let j(a) = -5*g(a) - 6*o(a). Give j(8).
-5
Let h(w) = 16*w**2 + 1 - w + 2 - 15*w**2 - 5*w. Let j be h(6). Let r(l) = 0*l - l - l**j + 3*l + 0*l + l**2 + 1. Determine r(-1).
1
Let j(h) be the first derivative of 4*h**3/3 + h + 15. Determine j(-1).
5
Let j(p) = 2 - 6*p - 7 - 2*p**2 + 3*p**2. Let t be 4/(-6) - (-187)/33. What is j(t)?
-10
Let q(u) = -54*u - 55*u - 48*u + 162*u + 3. Let f = 0 + -3. What is q(f)?
-12
Let s(k) = k**2 + 7*k + 6. Suppose -19 = -5*u + 1. Let a = 1 - 1. Suppose a = 3*q + u + 8. Calculate s(q).
-6
Let j(y) = 2*y + 1. Let x(n) = n + 1. Let h(c) = -2*j(c) + 3*x(c). Suppose -9*m - 13*m = 88. Determine h(m).
5
Let d(c) = -c**2 - c - 4. Suppose 0 = 3*j - 8 - 1. Suppose -3*o + 9 = 5*m, -6*o + j = 5*m - 5*o. Determine d(m).
-4
Let x be 0/(-1 + -1 - 2). Let c(l) = l**3 + l**2 + l - 15. What is c(x)?
-15
Let v(r) be the second derivative of -r**4/12 + r**3/2 - 2*r. Give v(3).
0
Let z(y) = -y**2 + 5*y + 9. Let c(o) = -2*o**2 + 11*o + 19. Suppose 0 = 6*b - b - 45. Let l(f) = b*z(f) - 4*c(f). What is l(0)?
5
Let y(h) = -h**2 - 7*h - 5. Suppose -4*g = -2*g - 2*k - 14, 0 = 5*g - 2*k - 23. Suppose a + 16 = -g*a. Give y(a).
7
Let k(u) = u**3 - 3*u**2 + 3*u - 1. Let j = 15 + -12. Suppose -2*o = -j - 3. Calculate k(o).
8
Let m(n) = n**3 + 4*n**2 + 4*n + 3. Let a = -10 + 4. Let c = a + 4. Calculate m(c).
3
Let m(u) = -4*u + 0 - 2 + 5. Let f(n) = n**2 + n - 4. Let g be ((-3)/2)/((-1)/(-2)). Let h be f(g). Give m(h).
-5
Let k be (1 - -4)/(1 + 0). Suppose k*l = -0*l - 10. Let z(w) = -12*w**2 - w + 4. Let x(q) = 7*q**2 + q - 2. Let g(b) = 7*x(b) + 4*z(b). Give g(l).
0
Let k(q) = 14*q - 33. Let i(c) = -9*c + 22. Let o(s) = 8*i(s) + 5*k(s). Determine o(8).
-5
Let r = -1 + 0. Let s(p) = -3*p. Calculate s(r).
3
Let o(h) = h**2 - 5*h + 3. Let u(m) = m**3 - 5*m**2 - 2*m - 4. Let y be u(5). Let t be ((-4)/5)/(1/(-75)). Let c be 4/(-14) - t/y. Give o(c).
-1
Suppose -c = -3*c + 2. Let h(p) = -p**3 + 4*p**2 - 4*p. Let k(s) = 1. Let w(n) = c*k(n) + h(n). Calculate w(3).
-2
Let u(y) = -3*y**2 - 8*y + 4. Let b(z) = -z**2. Let w(n) = -4*b(n) + u(n). What is w(8)?
4
Suppose -3*g + 2*a - 30 = g, 3*a - 30 = 3*g. Let b(l) = l + 4. Determine b(g).
-1
Let z(r) = r**3 - 10*r**2 + 3*r - 6. Let g(y) = 2*y**3 - 19*y**2 + 5*y - 12. Let i(d) = -6*g(d) + 11*z(d). Calculate i(5).
-4
Let y = 28 - 28. Let k(n) = -n + 1. Determine k(y).
1
Suppose 8 + 1 = -3*j. Let q(l) = l**3 + 3*l**2 - 5*l - 2. Determine q(j).
13
Let w(c) = c - 2*c + 6 - 4*c. Let h(a) be the first derivative of 3*a**2 - 6*a + 4. Let b(z) = -2*h(z) - 3*w(z). Calculate b(4).
6
Let x = 16 + -56. Let b be 1/(-3) + x/(-12). Let u(j) = 1 - 3 - b*j - j**2 + 0. Give u(-4).
-6
Let a be 3 - -1 - (-4 - -2). Let s(w) = w**2 - 1. Let i(b) = -b**3 + 8*b**